 base 13, what is -3b + 32?
-9
In base 10, what is -2 - -281?
279
In base 13, what is -1 + -4?
-5
In base 14, what is 4 - -8?
c
In base 5, what is 2 + -1?
1
In base 13, what is 845 - 5?
840
In base 5, what is 0 - 3311?
-3311
In base 7, what is 11102 + 4?
11106
In base 13, what is -3 - -161?
15b
In base 12, what is 0 + a4?
a4
In base 14, what is -7d3 - -3?
-7d0
In base 5, what is 111132 + 3?
111140
In base 16, what is -4 - 82?
-86
In base 8, what is 4607 - 0?
4607
In base 13, what is -9 - -88?
7c
In base 8, what is 113 - 7?
104
In base 6, what is -5 + -354?
-403
In base 15, what is -212 - 5?
-217
In base 9, what is -534 - 5?
-540
In base 2, what is -10011 - -10001010000?
10000111101
In base 14, what is -a30 - 5?
-a35
In base 4, what is 11 - -13230?
13301
In base 11, what is -3a0 - 8?
-3a8
In base 12, what is 893 + -3?
890
In base 6, what is -14 + -14?
-32
In base 12, what is -7 - 309?
-314
In base 13, what is 1 - -46?
47
In base 8, what is 1 - -1325?
1326
In base 15, what is 2 + 279a?
279c
In base 10, what is -615 - -4?
-611
In base 5, what is 12322 - 4?
12313
In base 4, what is -22312 + 100?
-22212
In base 5, what is 143 - -33?
231
In base 7, what is 0 - -34?
34
In base 16, what is -3fb - -5?
-3f6
In base 16, what is -138 - -d?
-12b
In base 4, what is 3 + -30203?
-30200
In base 10, what is 50 + 0?
50
In base 14, what is 2 + 7cb?
7cd
In base 3, what is 120 + 10?
200
In base 16, what is 7 - -5b?
62
In base 10, what is -64 - 7?
-71
In base 14, what is -139 + a?
-12d
In base 10, what is 1 + 201?
202
In base 14, what is 1 - -33b?
33c
In base 2, what is -100111001001 - 101?
-100111001110
In base 2, what is -10000100 + 1?
-10000011
In base 7, what is -3 + -132?
-135
In base 5, what is 114 + 12?
131
In base 8, what is 6 - -251?
257
In base 6, what is 1153 - 15?
1134
In base 6, what is 33 + -123?
-50
In base 12, what is -89a + 0?
-89a
In base 6, what is -45 - 105?
-154
In base 4, what is -3 + 31103?
31100
In base 12, what is -135 - -3?
-132
In base 12, what is 0 + -130?
-130
In base 8, what is 113 - 4?
107
In base 6, what is 421 + -10?
411
In base 16, what is 68 + -5?
63
In base 9, what is 3 - 337?
-334
In base 14, what is 0 - -5cc?
5cc
In base 5, what is -10 - 2132?
-2142
In base 3, what is 0 - 111200?
-111200
In base 13, what is -3 + -15?
-18
In base 10, what is 3 + 2398?
2401
In base 16, what is -4 + -127?
-12b
In base 16, what is -15 - 4?
-19
In base 15, what is 4 - -a43?
a47
In base 9, what is 2607 - -18?
2626
In base 13, what is 2 + -51c?
-51a
In base 6, what is -215 - 45?
-304
In base 16, what is -4340 - 0?
-4340
In base 11, what is 25 + -13?
12
In base 10, what is 121 - 2?
119
In base 2, what is -10100101111 - -100?
-10100101011
In base 12, what is 132 - 4?
12a
In base 11, what is -a11 - -1?
-a10
In base 2, what is -1010 - -1011010?
1010000
In base 9, what is -148 - 5?
-154
In base 13, what is -24 - -86?
62
In base 4, what is 11 - 233?
-222
In base 12, what is 1 + 4b7?
4b8
In base 6, what is 211 + 30?
241
In base 3, what is -1021 + -1?
-1022
In base 14, what is 5 - 93?
-8c
In base 3, what is -202 - -102?
-100
In base 3, what is 10120 - 2?
10111
In base 2, what is -1 - 101010010?
-101010011
In base 9, what is 5 - 1820?
-1814
In base 12, what is 129 - 5?
124
In base 13, what is 73 + -1?
72
In base 8, what is 112 - 3?
107
In base 5, what is 433 - -31?
1014
In base 6, what is 550 + -12?
534
In base 13, what is -8 + b4?
a9
In base 15, what is 0 + -4a?
-4a
In base 12, what is 12b9 + -2?
12b7
In base 9, what is -1037 - -21?
-1016
In base 11, what is -123 + 8?
-116
In base 11, what is -357 + 2?
-355
In base 16, what is -1 - -3f9?
3f8
In base 9, what is -1634 + 2?
-1632
In base 6, what is -4010 - -3?
-4003
In base 16, what is 2 + -8f?
-8d
In base 5, what is -241 + 112?
-124
In base 9, what is 14 - 70?
-55
In base 10, what is 4 + 4?
8
In base 2, what is -11 + -100011010?
-100011101
In base 12, what is -3a + -5?
-43
In base 7, what is 5 + -41?
-33
In base 2, what is -100 - 0?
-100
In base 13, what is 3 + 69a?
6a0
In base 11, what is 3a - -a6?
135
In base 14, what is 5 - -292?
297
In base 6, what is -2 + -123?
-125
In base 7, what is -246 + -2?
-251
In base 6, what is 4 + -2014?
-2010
In base 8, what is -2240 - -4?
-2234
In base 2, what is 0 - -10111001?
10111001
In base 2, what is 10 - 100111010?
-100111000
In base 15, what is 0 + 45c?
45c
In base 4, what is -1 - 1221?
-1222
In base 7, what is 6 + 6123?
6132
In base 7, what is -106 - 320?
-426
In base 15, what is -5 - 1d7?
-1dc
In base 14, what is c2 - 4?
bc
In base 11, what is 8a1 + 4?
8a5
In base 15, what is -2 - b2?
-b4
In base 10, what is 115 + 2?
117
In base 12, what is -4 - 657?
-65b
In base 3, what is -1 - -1221?
1220
In base 16, what is -5 + -8d?
-92
In base 2, what is 1000 - 10010011010?
-10010010010
In base 9, what is 7 - 66?
-58
In base 12, what is 5 + -48?
-43
In base 4, what is -200 + -120?
-320
In base 16, what is 0 - 117?
-117
In base 3, what is -200101 - -1?
-200100
In base 11, what is 3002 + 0?
3002
In base 3, what is 121 + 10120?
11011
In base 11, what is 623 - -1?
624
In base 15, what is a + 2?
c
In base 14, what is b2 - -3?
b5
In base 12, what is -b + -33?
-42
In base 5, what is -420 + -2?
-422
In base 15, what is -1d - 1?
-1e
In base 12, what is 2 - 127?
-125
In base 7, what is -11 + 254?
243
In base 10, what is -11 - -320?
309
In base 5, what is 1312 + -3?
1304
In base 16, what is 6 - -18?
1e
In base 4, what is 2220 + 2?
2222
In base 8, what is 3 - -1464?
1467
In base 13, what is -1 + -827?
-828
In base 15, what is 1340b - 0?
1340b
In base 5, what is 121 - 243?
-122
In base 10, what is -1 - 1108?
-1109
In base 4, what is 2310 + 3?
2313
In base 3, what is 1101021011 - -2?
1101021020
In base 14, what is db0 + 5?
db5
In base 11, what is -352 + -3?
-355
In base 6, what is 1 - -13?
14
In base 16, what is 5 - 288?
-283
In base 9, what is -158 - -7?
-151
In base 16, what is -21f + 5?
-21a
In base 16, what is -5 + -5?
-a
In base 5, what is -444 + 4?
-440
In base 9, what is 1 - 417?
-416
In base 16, what is 198 - 22?
176
In base 7, what is 3660 - -15?
4005
In base 4, what is 10 + -32020?
-32010
In base 14, what is 9 + c?
17
In base 7, what is 4 - 20?
-13
In base 8, what is 61 + 23?
104
In base 2, what is 110 + 1101011?
1110001
In base 4, what is -1200 + 10?
-1130
In base 4, what is 2103 + 2?
2111
In base 9, what is -60 - -6?
-53
In base 6, what is 4 + -4352?
-4344
In base 5, what is -3330 - 4?
-3334
In base 13, what is 12b + -5?
126
In base 13, what is 3 + -37?
-34
In base 6, what is -141 - 13?
-154
In base 14, what is 9 + 4?
d
In base 7, what is 3 - 114?
-111
In base 11, what is -1 - -23aa?
23a9
In base 15, what is -1d + 12?
-b
In base 4, what is 223333 + -3?
223330
In base 15, what is -a + -12c?
-137
In base 9, what is -6 - -625?
618
In base 6, what is -231 + -214?
-445
In base 4, what is -230 - 2?
-232
In base 13, what is 2 - 88c?
-88a
In base 13, what is 4 - -ac?
b3
In base 7, what is -51 - 626?
-1010
In base 2, what is -11 - 1101101?
-1110000
In base 12, what is -16 + -5?
-1b
In base 11, what is -147 + 107?
-40
In base 6, what is 2 - 1?
1
In base 7, what is -3 - 144?
-150
In base 13, what is 5 - 790?
-788
In base 13, what is 2 + -32?
-30
In base 8, what is -3 + -170?
-173
In base 2, what is -1 - 1000100001001?
-1000100001010
In base 10, what is -1 + 69?
68
In base 7, what is 125 - 6?
116
In base 10, what is -16 + 29?
13
In base 5, what is -2333424 - -1?
-2333423
In base 8, what is -142 - 25?
-167
In base 9, what is -7237 - -5?
-7232
In base 4, what is 10 + 323?
333
In base 2, what is 111001000000 - 1?
111000111111
In base 13, what is 7b + 2a?
a8
In base 6, what is 11 + 15?
30
In base 9, what is -4 - -344?
340
In base 3, what is -1011 + 2?
-1002
In base 10, what is 0 + 43?
43
In base 14, what is -269 - 5?
-270
In base 12, what is -a2a - -1?
-a29
In base 8, what is 0 - -352?
352
In base 12, what is 34 - -208?
240
In base 6, what is -1 - -150?
145
In base 11, what is 42755 + -4?
42751
In base 2, what is 101 + -11010?
-10101
In base 11, what is -1 + -319?
-31a
In base 9, what is -433 + 5?
-427
In base 12, what is 3 + -42?
-3b
In base 15, what is 11 - 10?
1
In base 12, what is 5 - 606?
-601
In base 15, what is 0 + -1d?
-1d
In base 2, what is -10 - 11000111?
-11001001
In base 15, what is 